 6*r**2 - r. List the prime factors of i(p).
7
Suppose 0*w + 2*x + 28 = 2*w, 0 = 4*w + 4*x - 96. List the prime factors of w.
19
Let n be (0/5)/(1 - -1). Suppose -2*h + 10 = -n*h. What are the prime factors of h?
5
Let g(h) = h**2 - 2*h. Let u be (2/3)/(4/(-12)). What are the prime factors of g(u)?
2
Let b be -25 + (-1)/(-3)*3. Let o = 13 - b. What are the prime factors of o?
37
Suppose -5*b = -20, c = 4*b - b + 61. Suppose 3*x + c = 5*y - y, 5*x = 5. What are the prime factors of y?
19
Let g be 379/3 - (-2)/(-6). Suppose 5*y = -0*y + m - g, 0 = -y + 5*m - 6. Let i = y + 46. What are the prime factors of i?
2, 5
Suppose -4*z - 2*r + 2 = -z, -5*z = 2*r - 10. What are the prime factors of z?
2
Suppose 0 = -2*g - 3*w + 33, 2*g - 25 = -4*w + 13. What are the prime factors of g?
3
Let d = 29 + -11. Suppose 0 = 2*q + q - d. Let l = 14 - q. What are the prime factors of l?
2
Let x(v) = v**3 - 10*v**2 - 19*v + 18. What are the prime factors of x(12)?
2, 3, 13
Let s be (-2)/(-7) + (-32)/14. Let a = s - -4. Let f = a + 5. What are the prime factors of f?
7
Let v(w) be the first derivative of -w**3/3 + w**2/2 + 5*w + 1. Let f be v(0). What are the prime factors of f + (-5)/(5/(-2))?
7
Suppose p = 101 + 35. What are the prime factors of p?
2, 17
Suppose -9*v + 679 + 185 = 0. What are the prime factors of v?
2, 3
Let t = -95 + 334. What are the prime factors of t?
239
Let v(m) = 24*m**3 + m**2 + m - 1. Let u be v(1). Let y = 12 + u. Suppose 4*o + f = 41, o - 4*o - 2*f = -y. List the prime factors of o.
3
Let c(u) be the third derivative of u**5/60 - 7*u**4/24 + 2*u**3/3 + 2*u**2. Let h be c(6). What are the prime factors of (-1 - 0) + (5 - h)?
2, 3
Let c(g) = g + 13. Let a(p) = -2*p - 7. Let i be a(0). List the prime factors of c(i).
2, 3
Suppose 2*b + 0 - 19 = -h, 0 = 2*h - 3*b - 17. List the prime factors of h.
13
Let p(j) = -20*j**3 + j**2 + 5*j + 2. List the prime factors of p(-2).
2, 3, 13
Let u be (1 - 2/(-2)) + 0. Suppose -u*w - 3*w = -60. What are the prime factors of w?
2, 3
Let h = -27 + 56. What are the prime factors of h?
29
Let k be 2/5 + (-24)/(-15). List the prime factors of ((-160)/10)/(k/(-5)).
2, 5
Suppose c + 388 = 3*h, h - 2*c - 518 = -3*h. What are the prime factors of h?
3, 43
Suppose 0 = 3*k - 6 - 0, 4*o - 58 = -k. Suppose 5*j - 51 = 79. Let f = j - o. What are the prime factors of f?
2, 3
Let p(b) = b - 3. Let c be p(5). Suppose -15 = 2*q + c*q - 3*z, -q + 5*z - 25 = 0. Suppose q = -3*f + 4 + 8. List the prime factors of f.
2
Let r(c) = -c**3 - 12*c**2 - 10*c + 8. Let j(l) = -l**3 - 8*l**2 + 10*l - 2. Let g be j(-9). Let m be r(g). What are the prime factors of m/(-2)*(-22)/(-3)?
11
Let b(x) be the second derivative of -x**3/2 + x**2/2 - 3*x. List the prime factors of b(-5).
2
Let w = -3 + 1. Let d = w - -8. List the prime factors of 3/18 + 83/d.
2, 7
Let x(f) = -f. Let i be x(-4). Suppose 2*d + 3*d - 170 = -j, -3*j = i*d - 136. What are the prime factors of d?
2, 17
Let c be -10*(4 - 3) - 0. What are the prime factors of -20*1/(c/16)?
2
Let n be 2/(0 - 2) - -4. Suppose -51 = n*a - 129. List the prime factors of a.
2, 13
Let i(a) = a + 1. Let x be i(3). Let c(j) = j**2 - 2*j + 5. What are the prime factors of c(x)?
13
Suppose 22 = 5*b - 33. Suppose -95 = -b*o + 6*o. List the prime factors of o.
19
Suppose 2*a = -2*a. Suppose a = -0*u + u - 2. Suppose u*k + 9 = 3*k. List the prime factors of k.
3
Let w be 18/4 + 1/2. Suppose 0 = -w*f + 2*b + 25, 3*f + 2*f + 4*b = -5. What are the prime factors of f?
3
Let x = 1485 + -2703. List the prime factors of x/(-26) + (-2)/(-13).
47
Suppose 0 = 4*h + 200 - 564. What are the prime factors of h?
7, 13
Let p be -1 + 0 + 32 + 2. Let q = -24 - -3. Let k = q + p. List the prime factors of k.
2, 3
Let t(u) = -4*u + 1. Let p be t(-1). Suppose -4*n + 41 = p*a - 7*n, -5*a = 3*n - 59. List the prime factors of a.
2, 5
Suppose 3*k - 135 = -v, -4*v + 4*k + 246 = -326. What are the prime factors of v?
3, 47
Suppose 29*t = 35*t - 1278. List the prime factors of t.
3, 71
Let z be ((-4)/(-6))/((-4)/(-6)). Suppose f = -3*f + 20. What are the prime factors of z/f + (-162)/(-15)?
11
Suppose 2*f + 17 - 199 = z, 455 = 5*f + 2*z. What are the prime factors of f?
7, 13
Let j = 8 - 4. Suppose j*r - 19 = -3. Suppose 4*u - m - 17 = 0, -3*u - r*m + 5 = -3. What are the prime factors of u?
2
Let p(l) = l**2 - 2*l**3 + l**2 - 6*l**2 + 3*l + 5*l**3. Let g(b) = b + 4. Let w be g(-2). What are the prime factors of p(w)?
2, 7
Let a = -1 + 6. Suppose c = -a*m + 44, -2*c + m = -5*c + 62. Suppose -2*j = 3*i - j - 13, -i - 5*j = c. What are the prime factors of i?
2, 3
Let v be 2 + 1 + -2 + 0. Suppose -4*b = 4*i, b + 5 = v. Suppose 5*r = -a + 30, i*r - 4*a - 34 = 2*r. List the prime factors of r.
7
Let q be (-56)/12*(-18)/7. What are the prime factors of (-4)/((-27)/q - -2)?
2
Suppose 0 = 4*p - 7*p + 12. What are the prime factors of p?
2
Suppose 4*o + 11 = 5*a, 3*a - 17 = -5*o - a. Let q = 3 + o. Suppose 5*j = 3*v - v, q*v - 52 = -3*j. List the prime factors of v.
2, 5
What are the prime factors of 1*2 + -9 + 9?
2
Suppose -4*f - 8 = -3*j, -4*f - 8 = -0*j + 3*j. What are the prime factors of 3 + 17 + 3 + f?
3, 7
Suppose -6*k = -2*k - 168. List the prime factors of k.
2, 3, 7
Let g be 0 - -2 - (0 + 1). Suppose -g = -u - 3. Let d(h) = h**2 + h + 1. List the prime factors of d(u).
3
Let z(b) = b**3 + b**2 + b - 1. Let d(h) = 4*h**2 - 4 - 9*h + 6*h**2 - 3*h**3 + 0 - 2*h**2. Let c(j) = d(j) + 2*z(j). What are the prime factors of c(9)?
2, 3
Let k = -8 - -13. Suppose -5*w + 5 + k = 0. Suppose -14 = -0*b - w*b. What are the prime factors of b?
7
Suppose 65 = 4*r - 55. What are the prime factors of 36/r*(-10)/(-4)?
3
Let t(s) = -s**2 - 6*s + 3. Let y be t(-6). Suppose 4*i = 2*v + i - 47, -v - y*i = -1. What are the prime factors of v?
2
Suppose -b - 123 = -l, 7*b + 5 = 2*b. List the prime factors of l.
2, 61
What are the prime factors of 4279/44 - (-6)/8?
2, 7
Let v(h) = h**3 - 10*h**2 + 11*h - 7. Let z be v(9). Suppose 2*j - 5 - z = 0. List the prime factors of j.
2
Let r(f) be the third derivative of f**6/120 - 7*f**5/60 + f**4/4 + 2*f**3/3 + f**2. What are the prime factors of r(6)?
2
Let d = -86 - -120. What are the prime factors of d?
2, 17
Suppose 0*i = 3*i - 210. What are the prime factors of i?
2, 5, 7
Let t be (136/(-51))/(2/(-3)). Suppose -d = -3 - t. List the prime factors of d.
7
Suppose o - 3*a - 21 = 0, 5*o - 85 = a + 4*a. What are the prime factors of o?
3, 5
Let d = -2 - -24. What are the prime factors of d?
2, 11
Let l(i) = -5*i + 8. Let p be l(4). Suppose -4*t + 11 + 11 = -5*y, t = y + 4. Let q = y - p. List the prime factors of q.
2, 3
Suppose t - 4*t = -6. Suppose -t*q = 11 - 37. List the prime factors of q.
13
Let v(k) = -k**2 - 8*k. Let q be v(-8). Suppose -5*d + 65 = -q*d. What are the prime factors of d?
13
Suppose 15 = -0*a + 3*a. Suppose r + a = 16. List the prime factors of r.
11
Let i(z) = -z**2 + 6*z - 7. Let w be i(5). Let a be w - (-3 - 2) - -1. Suppose -a*d = d - 65. What are the prime factors of d?
13
Suppose 0 = s - 0*s. Suppose 0 = -2*g - 3*g + 5, s = 3*x + 3*g - 15. Suppose 0 = -x*c + c + 42. What are the prime factors of c?
2, 7
List the prime factors of 8/16 + (-162)/(-4).
41
Let q = 125 - 84. What are the prime factors of q?
41
Let i = 25 - 88. Let q = -42 - i. List the prime factors of q.
3, 7
Let h = -12 + 4. Let s = -10 - h. What are the prime factors of s/16*-26*4?
13
Let u(k) = -k**3 - 4*k**2 + k. Let b be u(-4). What are the prime factors of ((-14)/b)/((-1)/(-2))?
7
Suppose -3*j = -4*j + 2. Let w be j/5 - (-32)/20. Suppose -2 = 5*v - 5*f - 22, f = w*v - 8. List the prime factors of v.
2
Suppose 2*h = -13 + 53. List the prime factors of h.
2, 5
Let k be 1/3 + (-2)/6. Let s be 2 - 9/(-1) - 1 - 2. What are the prime factors of 1 + k + s + 0?
3
Suppose 3 = -x + 6. List the prime factors of (1/3)/(x/369).
41
Suppose f - 6*f = -535. List the prime factors of f.
107
Let u be 4/4 + 1*2. Let h be (-16)/u*(-1 - 2). Let v = h - 10. List the prime factors of v.
2, 3
What are the prime factors of -1 + (14 - -4)*13?
233
Let w = 98 + -31. Suppose -b - w = -4*h, -2*h - b - b + 46 = 0. What are the prime factors of h?
2, 3
Suppose -s - 3*s = -140. What are the prime factors of s?
5, 7
Suppose -2*q - 5 = 23